ve of n**4/4 - 5*n**3/3 - 2*n**2 + 7*n - 49. Let c be (-27)/(-5) - (-18)/30. What is j(c)?
19
Suppose 15*a = 2*a + 65. Let g(t) = 3*t + 4 - t**2 + 6*t - 4*t. What is g(a)?
4
Let f(i) be the third derivative of i**5/60 - 5*i**4/24 - 5*i**3/6 - 27*i**2 - 4*i. Determine f(-4).
31
Let j(w) be the third derivative of -w**4/24 - 2*w**3/3 + 3*w**2. Suppose -3*l - 1 - 15 = 5*r, -l - 17 = 4*r. Determine j(l).
-7
Let k(o) = 3*o + 4. Let m(a) = 4*a + 110. Let y be m(-26). Calculate k(y).
22
Let i(c) be the first derivative of -c**4/4 - 5*c**3/3 - c**2 + c + 77. What is i(-3)?
-11
Let a(h) = h**2 + 1. Let d(f) = -5*f**2 - 4*f - 8*f + 0 - 12 + 3. Let v(u) = 4*a(u) + d(u). Give v(-11).
6
Let k = 92 + -86. Suppose 4*t - 18 = -k. Let i(w) = 2*w**2 - 3*w - 1. What is i(t)?
8
Let l(y) = -13*y + 14*y + 2 - 3 + 7 - 2. Calculate l(7).
11
Let x(y) = -2*y**3 + y**2 + 2*y + 1. Let j(g) = 5*g + 12. Let w be j(-2). Determine x(w).
-7
Let p(c) = 14 - 12*c**2 + 22*c**2 - 7*c**2 - 5*c**2 + 12*c. Calculate p(10).
-66
Let p(a) be the third derivative of -a**4/24 - 7*a**3/6 + 32*a**2. Determine p(0).
-7
Suppose -6*l = 2*u - l - 31, 0 = -5*u + 4*l - 5. Suppose -5*j = -v - 29, 4*j - v - 12 = -u*v. Let d(r) = j - 4*r + 12*r - 7*r - r**2. Give d(0).
5
Let g(a) = a**2 - 8*a + 8. Let x(b) = -2*b - 10. Let f be x(-5). Let v be 2/3*(12 + f). Determine g(v).
8
Let o(i) = -i**2 - 14*i - 34. Let d(y) = -14*y**2 - 122*y + 30. Let l be d(-9). Determine o(l).
14
Suppose -2*d = 5*v + 7, 0 = -2*d + 2*v + 6 - 20. Let f(g) = -5*g - 25. Give f(d).
5
Let m(t) = -4*t + 3 + 4 - 5. Let w(h) = h + 6. Let o be w(-2). Let a = o + -1. What is m(a)?
-10
Let t = -5 - -7. Suppose 3*f - 2 = -z + t, 0 = -3*f - 5*z - 4. Let b(v) = 6*v + 4 - 1 + 2*v**f - 3*v. Calculate b(-3).
12
Let c(a) = -a**2 - 8*a + 3. Let t be c(-8). Let n be (t - 10)*(-4)/14. Let s(m) = m + 6*m**n + 2 - 2*m**2 - 5*m**2. Determine s(-3).
-10
Let q(a) = -a**2 + 2*a + 4. Let p be ((-54)/15)/(2/(-5)). Suppose 3 + p = 4*w. Give q(w).
1
Let z(b) = 8*b**3 + 13*b**2 + 5*b. Let l(j) = -7*j**3 - 12*j**2 - 5*j. Let h = -3 + 9. Let i = -24 - -31. Let m(w) = h*z(w) + i*l(w). Determine m(-5).
0
Let n(w) be the third derivative of -w**6/120 - 9*w**5/20 - w**4/12 - 26*w**3/3 + 409*w**2. Determine n(-27).
2
Let k(g) = 4*g**2 - 16*g + 14. Let a(t) = 9*t**2 - 33*t + 29. Let m(x) = -3*a(x) + 7*k(x). Determine m(8).
-29
Let u(f) = -5 + 5*f + 4 - 2. Suppose 0 = -2*z + 44 - 40. Determine u(z).
7
Let b(o) be the third derivative of 1/60*o**5 - 1/24*o**4 - o**2 + 1/3*o**3 + 0 + 0*o + 1/120*o**6. Determine b(-3).
-13
Let x(g) = -2 - 675*g - 671*g - g**2 + 1351*g. Determine x(4).
2
Suppose -3*b - 6 = 4*n - 2, 5*n = 5*b + 30. Let q(k) be the third derivative of k**6/120 + k**5/20 - k**4/8 - k**3/3 - 12*k**2. What is q(b)?
-6
Let l = -3 + 6. Let s(x) be the second derivative of 5/6*x**3 - 14*x - 3/2*x**2 - 5/12*x**4 + 1/20*x**5 + 0. Calculate s(l).
-6
Let v = -34 - -36. Let r(o) = -3 + 8 - 4*o**v + o**2 + 4*o**2 + 6*o. Determine r(-5).
0
Let f be 1 + -3 - -5 - 2. Let o(k) = -k + f + 3 + 0 - 3. Let r(a) = -a**3 - 3*a**2 + 3*a - 4. Let g be r(-4). Calculate o(g).
1
Let g(m) be the third derivative of m**5/60 - m**4/12 - m**3/3 + 89*m**2 + 3. Calculate g(2).
-2
Let i(m) = m - 9. Let a(l) = -2*l**2 - 3*l + 88. Let z be a(-7). Give i(z).
2
Let c(y) = y**3 + y**2 + y - 1. Suppose 0*l + 4 = -l + 5*x, -2*l = 5*x - 7. Let b(v) = -2*v**3 - 4*v**2 - 2*v + 3. Let f(z) = l*b(z) + c(z). Determine f(-3).
5
Let o be (2 - (0 - -3))/((-9)/(-324)*-9). Let z = 1 + 1. Let y(p) = -5 + z*p + 0 + 2. What is y(o)?
5
Suppose -248 = -0*c - 4*c. Suppose 0 = d + c - 60. Let q(t) = -t**3 - 2*t**2 - 2*t - 3. Give q(d).
1
Suppose 4*n = 5*r - 2, -3*r + r - 5*n + 14 = 0. Let t(s) = -s**2 + 3*s - 3. What is t(r)?
-1
Let b(q) = -3*q**3 + q**2 + 2*q - 1. Suppose -8 = -4*h, 0 = 3*w - 0*w + 3*h - 12. Calculate b(w).
-17
Let f(a) = -a + 4. Suppose 0 = 16*n - 12*n. Let i = n - 0. What is f(i)?
4
Let f(p) = -p**3 - 4*p**2 + 3*p + 1. Let c = 485 + -490. Give f(c).
11
Let h(u) = 2*u + 8. Suppose j + 1 = 0, -3*a + 5*j - 2*j = -12. Suppose 0*z + a = -z, 0 = 5*n + 5*z + 45. Calculate h(n).
-4
Let k(g) = -g**3 + 4*g**2 + 16. Let i be k(4). Let q(m) = -11*m - i*m - 9 + 26*m. What is q(-7)?
-2
Let x(d) = -d. Let t(s) = -18*s. Let i(n) = -3*n. Let o(j) = 34*i(j) - 6*t(j). Let y(m) = -2*o(m) - 11*x(m). Determine y(7).
-7
Let r(g) = g**2 - 2*g - 35. Let c be r(-5). Let s(v) = -v**2 - 3. Give s(c).
-3
Let k(r) be the third derivative of -r**4/6 + 2*r**3/3 + 28*r**2. Suppose -5*y - 4*m = -37, 0*y - 2*m + 26 = 4*y. What is k(y)?
-16
Let i(g) = -g**3 - 9*g**2 + 9*g - 7. Let m = -1868 - -1858. What is i(m)?
3
Let j(i) be the third derivative of -1/8*i**4 + 1/60*i**5 + 0*i - 1/2*i**3 + 38*i**2 + 0. What is j(-3)?
15
Let q(p) be the second derivative of p**4/12 + p**3/3 - 3*p**2 + 7*p. Give q(-6).
18
Suppose -4*s + 118 - 408 = -i, -5*i + 10 = 0. Let h = -72 - s. Let j(o) = -o + 10. What is j(h)?
10
Let t(n) = n - 12. Let r(s) = 5*s - 116. Let j be r(25). What is t(j)?
-3
Let v(p) = 8*p**2 + 11*p - 6. Let s(a) = -18*a**2 - 23*a + 14. Let d(k) = -3*s(k) - 7*v(k). Calculate d(-6).
-24
Let c(o) = 25 - 7 - 2 + 2*o - 10. Give c(-9).
-12
Suppose -5*a + 12 + 78 = 0. Suppose -3*b + a = -5*t, -b + 0*t + 6 = 3*t. Let h(p) = -2*p - 7 + 9*p + 5*p**2 - b*p**2. Determine h(6).
-1
Let u(g) = 4 + g - 4 + 5. Let v = 43 + -26. Suppose -4*a + t - v = 10, t = 3. Give u(a).
-1
Let j be -5 + 2 - (-2 - 17). Let r(s) = -4*s**2 - s + 8*s**2 - j - 5*s**2 + 0*s**2. What is r(0)?
-16
Suppose -4*o = -25 - 7. Let z(n) = -7*n + o*n - 2*n. Let l be (-3 - -2) + -2 - 0. Calculate z(l).
3
Let n(w) = -w - 11. Let f be (6/(-1))/(3/4). Let l be n(f). Let g(c) be the first derivative of -c**4/4 - 2*c**3/3 - 4*c - 155. What is g(l)?
5
Let r(g) = -g**2 + 19*g - 14. Let z be (46/46)/(4/72). Calculate r(z).
4
Let j = 0 + 1. Let c be (-2)/1*(-3)/j. Let o(g) = -2*g + 6 - c. Give o(3).
-6
Let v(y) = y - 1. Let o(b) = b**3 + 4*b**2 - 2*b + 5. Let f = -15 - -12. Let w(a) = f*v(a) - o(a). Determine w(-4).
2
Let d(m) be the first derivative of -1/4*m**4 + 13 + m**2 + 5/3*m**3 - 4*m. Determine d(5).
6
Let m(z) = -z**2 + 5*z + 5. Let f(i) = -i**2 + 7*i - 4. Let o be f(5). What is m(o)?
-1
Let s be (0 + 5)/((-29)/(-58)). Let g(z) = -2*z**2 + z + 2. Let x be g(-2). Let a = x + s. Let h(m) = -5*m**2 + 3*m - 2. Give h(a).
-16
Let k(a) = a**3 - 11*a**2 + 9*a + 13. Suppose -m + 14 = q, -4*q + 5 = -m - 1. Give k(m).
3
Let q(n) = 4*n**3 + 7*n**2 + 17*n**2 + 0*n**3 + 7 - 3*n**3 - 20*n**2. What is q(-5)?
-18
Let o be 3 + -2*5/(-10)*1. Let u(s) = -3*s + 5. Calculate u(o).
-7
Let a be ((-70)/(-15))/((-1)/(9/(-3))). Let m(p) = -p**2 + 11*p + 38. Determine m(a).
-4
Let h(i) = -i**2 - 7*i - 5. Let x be -2 - -4 - (-32 + (1 - 0)). Suppose -1 = -8*j - x. What is h(j)?
7
Let z(v) = v**3 + 5*v**2 + v - 5. Let j(s) = -s - 2. Let a be j(-6). Suppose -a*h - 10 = 10. Determine z(h).
-10
Suppose 0*x + f - 9 = x, -5*f + 17 = -3*x. Let s(d) = d**3 + 15*d**2 + 13*d - 19. Let j be s(x). Let h(m) = -m - 10. Calculate h(j).
-5
Let z be 148/15 - (-4)/30 - 6. Let s(t) = -6*t**2 + 26*t - 2. What is s(z)?
6
Suppose 2*o + 3*o = 4*i - 45, 4*o = 4*i - 32. Let n = o + 13. Let t(d) = n + 3 + 2 - d - 4. Determine t(-7).
8
Suppose -117*t + 113*t = 24. Let x(v) = -v**3 - 6*v**2 + v + 6. Give x(t).
0
Let x(b) = -2 + 4 - 2*b - 3 + 4. What is x(-6)?
15
Let x = -80 + 76. Let p(l) = l**3 - l + 0*l + 3 - 2 - 3 + 3*l**2. Determine p(x).
-14
Let b(q) be the third derivative of -q**4/24 + 11*q**3/6 - 3*q**2. Let w(d) = -d - 4. Let l be w(-4). Suppose -4*j + 4*c + 0 + 8 = 0, 2*c - 8 = l. What is b(j)?
5
Let c(v) be the first derivative of v**4/4 - 13*v**3/3 + v**2 - 32*v + 20. Let b be c(13). Let j(p) = -p**2 - 7*p - 2. Calculate j(b).
4
Let v be ((-9)/(-6))/((-5)/(-10)). Let o(n) = 0 + 3*n**3 - 2 - v - 4*n**3 + 6*n**2. Calculate o(6).
-5
Let b(j) = j**3 + 5*j**2 - 7*j - 9. Let p = 6 + -2. Suppose p*m + 0*m + 24 = 0. Calculate b(m).
-3
Let g(o) = -7*o - 2*o - 4424 + 0*o - o**2 + 4424. Let f(i) be the third derivative of i**6/120 + i**5/60 + i**4/12 + i**3/3 + 2*i**2. Let w be f(-2). Give g(w).
18
Let z(t) be the first derivative of t**3/3 - 2*t**2 + 4*t + 1. Let g = 29 - 26. Calculate z(g).
1
Let n(l) be the first derivat